= -2*z**3 - 4*z**2 + 2. Determine y(-3).
20
Let j(y) = -y**2 + 13*y - 3. Determine j(13).
-3
Let t(h) = 3*h - 58. Determine t(18).
-4
Let s(k) = -17*k + 767. What is s(45)?
2
Let l(n) = -n**2 + 16*n - 4. Calculate l(15).
11
Let l(u) = 2*u**2 - 18*u - 1. Give l(2).
-29
Let p(h) = h**2 - 10*h + 17. Give p(6).
-7
Let l(n) = -n**2 - 26*n - 26. Calculate l(-25).
-1
Let x(s) = s**3 + 4*s**2 + 2*s + 13. Give x(-4).
5
Let w(q) = -q**3 - 5*q**2 + 3*q - 6. Calculate w(-6).
12
Let r(x) = -x**2 - 10*x - 1. Calculate r(-9).
8
Let s(c) = 2*c - 68. Give s(31).
-6
Let s(l) = l + 4. Determine s(0).
4
Let r(v) = v**3 + 22*v**2 - 24*v + 51. Calculate r(-23).
74
Let k(n) = -6*n**3 - 3*n**2 - n + 2. Determine k(1).
-8
Let t(r) = 2*r + 25. What is t(-9)?
7
Let o(z) = -z**2 + 23*z - 47. Give o(15).
73
Let q(w) = w**2 - 13*w + 22. What is q(11)?
0
Let c(s) = -2*s**2 - 2. Calculate c(2).
-10
Let c(d) = d**3 - 8*d**2 - 33*d. Give c(-3).
0
Let d(p) = p + 2. Calculate d(-11).
-9
Let l(g) = g**2 + 7*g + 2. What is l(-4)?
-10
Let p(g) = -2*g**3 + g**2 + 28*g - 52. Determine p(2).
-8
Let q(l) = -l**2 + 15*l + 35. What is q(17)?
1
Let u(n) = -n**3 + 15*n**2 + 15*n + 11. What is u(16)?
-5
Let d(y) = y**2 - 14*y + 22. Calculate d(11).
-11
Let f(n) = -14*n + 151. Calculate f(11).
-3
Let l(a) = a**3 - 6*a**2 + 7. Determine l(6).
7
Let l(j) = j**2 + 5*j - 8. Determine l(-6).
-2
Let u(j) = -2*j**3 - 9*j**2 - 7*j - 6. Determine u(-4).
6
Let i(r) = 7*r**2 + 4*r - 4. Determine i(3).
71
Let z(k) = -k**2 + 2*k + 7. Determine z(4).
-1
Let n(p) = p**2 + 2*p - 16. Give n(4).
8
Let q(p) = -p**2 + p + 35. Give q(0).
35
Let t(w) = w**2 + 31*w + 24. What is t(-33)?
90
Let d(k) = 29*k - 201. Calculate d(7).
2
Let q(i) = -5*i**3 - 2*i**2 - 2*i - 4. What is q(-2)?
32
Let n(m) = -3*m + 9. What is n(0)?
9
Let p(y) = 11*y + 16. Give p(6).
82
Let d(a) = 4*a**2 + 15*a + 7. Determine d(-2).
-7
Let w(x) = -32*x + 2. Determine w(-2).
66
Let q(c) = -4*c**2 - 8*c + 1. Calculate q(-4).
-31
Let o(k) = 2*k**2 - 14*k - 9. Give o(8).
7
Let m(b) = b + 16. Determine m(-13).
3
Let y(u) = -2*u**2 + 12*u + 8. Determine y(6).
8
Let j(n) = -2*n + 1. Give j(2).
-3
Let s(a) = -2*a - 9. Give s(1).
-11
Let c(p) = p**2 - 31*p - 565. Determine c(44).
7
Let h(z) = -2*z. Calculate h(-11).
22
Let f(p) = -4*p**2 - 47*p - 127. Give f(-6).
11
Let x(w) = w**3 + 36*w**2 - 41*w - 160. Determine x(-37).
-12
Let u(z) = -10*z - 4. What is u(4)?
-44
Let f(n) = -n**3 - 12*n**2 + 3*n + 45. Calculate f(-12).
9
Let a(d) = 5*d + 3. Determine a(-3).
-12
Let n(m) = 9*m - 226. Give n(25).
-1
Let j(o) = -4*o**2 + 3*o + 1. What is j(2)?
-9
Let o(a) = -12*a + 56. Determine o(6).
-16
Let o(q) = -q**3 + 11*q**2 - 13*q + 14. Determine o(10).
-16
Let h(c) = -c - 5. Calculate h(10).
-15
Let g(v) = -v**2 - 43*v - 162. What is g(-39)?
-6
Let k(l) = 3*l + 8. Calculate k(-2).
2
Let b(a) = a**2 - 22*a + 69. Determine b(19).
12
Let o(i) = i**2 + 22*i + 63. Give o(-3).
6
Let r(m) = m + 5. What is r(-6)?
-1
Let z(b) = -3*b**2 - 4*b - 2. What is z(-2)?
-6
Let k(p) = p**3 + 25*p**2 - 28*p - 14. What is k(-26)?
38
Let n(j) = -4*j + 54. Calculate n(22).
-34
Let c(t) = 2*t - 4. Calculate c(2).
0
Let u(j) = -11*j + 135. Give u(12).
3
Let b(k) = k**2 - 12*k - 55. What is b(18)?
53
Let z(m) = 5*m + 7. Give z(-7).
-28
Let u(z) = -5*z + 32. Give u(5).
7
Let k(r) = r**2 + 17*r + 62. What is k(-7)?
-8
Let d(t) = -t**3 + 20*t**2 - 33*t - 47. What is d(18)?
7
Let j(y) = 3*y**2 - 23*y + 50. Determine j(5).
10
Let v(k) = k**2 - 26*k - 206. Calculate v(33).
25
Let n(r) = -16*r + 51. What is n(2)?
19
Let z(a) = -21*a - 43. Determine z(-4).
41
Let r(i) = 17*i**2 - i - 2. Calculate r(-1).
16
Let q(b) = -67*b**3 + b**2 - b. Calculate q(1).
-67
Let g(q) = q**3 - q**2 - 2*q + 34. Give g(0).
34
Let u(f) = -f**2 - 11*f - 8. Give u(0).
-8
Let u(h) = -h**3 - 15*h**2 - 36*h - 26. Give u(-12).
-26
Let l(t) = 2*t**2 + 2. What is l(-2)?
10
Let p(o) = o + 11. Give p(11).
22
Let o(n) = -n**3 + 3*n**2 - 4*n - 5. What is o(0)?
-5
Let j(m) = 7*m - 69. What is j(6)?
-27
Let h(c) = -c**3 - c**2 - 2*c - 1. Give h(-2).
7
Let c(w) = 2*w**3 + 44*w**2 - 53. Determine c(-22).
-53
Let r(v) = -9*v + 1. Give r(-1).
10
Let g(d) = -d**2 + 2*d + 4. Calculate g(3).
1
Let x(y) = 22*y**2 + y. Calculate x(1).
23
Let t(m) = m**2 + 5*m - 3. What is t(-9)?
33
Let u(y) = -10*y**3 + 3*y**2 + y. Determine u(-1).
12
Let z(w) = w**3 + 7*w**2 + 5*w - 5. Determine z(-6).
1
Let v(n) = -n**3 - 6*n**2 - n + 12. What is v(-5)?
-8
Let n(x) = x**3 + 9*x**2 + 6*x - 6. Determine n(-8).
10
Let f(a) = a**3 - 12*a**2 - 11*a - 10. Determine f(13).
16
Let o(r) = -r**2 - 5*r - 3. Give o(-5).
-3
Let d(s) = -4*s**2 + 31*s - 2. Calculate d(7).
19
Let b(s) = -s**2 - 9*s + 26. What is b(-12)?
-10
Let j(o) = o**2 + 8*o + 4. Give j(-4).
-12
Let p(i) = 7*i + 16. Give p(-16).
-96
Let j(c) = -c**3 + 15*c**2 + 15*c - 22. Give j(16).
-38
Let n(c) = 3*c + 38. Calculate n(-8).
14
Let x(b) = b**3 - b - 11. Give x(0).
-11
Let h(d) = -d**3 - d**2 - d. Give h(-1).
1
Let t(j) = -4*j + 2. Determine t(1).
-2
Let x(i) = -i**2 - 6*i + 8. Give x(-6).
8
Let r(l) = -l**2 + 15*l - 11. Give r(9).
43
Let f(w) = -2*w**2 + 5*w + 5. What is f(5)?
-20
Let b(z) = -z. What is b(10)?
-10
Let j(k) = 6*k**2 - 2*k - 2. Determine j(-2).
26
Let v(o) = 6*o**3 - 2*o**2 - o + 1. What is v(-1)?
-6
Let w(m) = -m**3 - 4*m. Determine w(-2).
16
Let g(z) = z**2 - 7*z - 25. Give g(5).
-35
Let l(k) = k**2 - 5*k + 3. Determine l(9).
39
Let o(w) = 4*w**2 - 3*w + 2. What is o(3)?
29
Let y(v) = 5*v - 28. Determine y(6).
2
Let h(g) = g**2 + 12*g + 29. Give h(-4).
-3
Let s(d) = -d**2 + 14*d + 8. What is s(14)?
8
Let s(b) = 6*b + 128. Determine s(-22).
-4
Let u(n) = -n**2 + 6*n - 2. What is u(-6)?
-74
Let f(x) = -3*x**2 + 44. Calculate f(4).
-4
Let o(a) = -2*a**2 + 35*a + 17. Calculate o(19).
-40
Let n(d) = 2*d**2 - d - 58. Determine n(5).
-13
Let q(z) = z**3 - 5*z**2 - 20*z + 30. Give q(7).
-12
Let s(x) = -x**2 - 36*x - 293. Calculate s(-13).
6
Let f(q) = 10*q**2 - 13*q. Calculate f(1).
-3
Let j(o) = -38*o + 644. Determine j(17).
-2
Let w(u) = 3*u**2 - 9*u - 30. Determine w(5).
0
Let f(i) = -2*i**3 - 4*i**2 - 2. Give f(-3).
16
Let q(g) = 35*g**3 - 4*g**2 + 2. What is q(1)?
33
Let c(l) = l**2 - 18*l + 17. What is c(17)?
0
Let n(z) = -z**3 - 3*z**2 - z - 12. Calculate n(-5).
43
Let f(n) = n**2 + 34*n + 58. Calculate f(-32).
-6
Let q(o) = 63*o + 24. What is q(0)?
24
Let d(o) = -o**2 + 8*o + 9. Calculate d(10).
-11
Let o(c) = -c**2 + 67*c - 480. Calculate o(59).
-8
Let z(u) = 17*u**3 + 3*u + 2. Calculate z(-1).
-18
Let h(o) = 2*o - 3. Calculate h(5).
7
Let m(g) = -g**3 + 8*g**2 - 8*g + 5. What is m(7)?
-2
Let h(o) = 5*o - 4. What is h(6)?
26
Let h(t) = 35*t - 387. Determine h(11).
-2
Let n(q) = -3*q**2 + 7*q + 1. Give n(6).
-65
Let x(w) = -2*w**2 - w + 6. Give x(3).
-15
Let s(k) = 3*k**3 + 3*k - 2. Give s(1).
4
Let q(f) = -f**3 + 5*f**2 - 4*f + 1. Calculate q(3).
7
Let g(f) = -f**3 - 6*f**2 - 9*f - 10. Determine g(-4).
-6
Let t(y) = -2*y**2 + 17*y - 5. Determine t(8).
3
Let f(r) = -r**3 + 16*r**2 - 13*r - 32. Calculate f(15).
-2
Let c(t) = -6*t + 29. What is c(11)?
-37
Let b(u) = 3*u + 34. What is b(-10)?
4
Let g(x) = -x**2 - 19*x + 42. Calculate g(-21).
0
Let u(d) = -11*d - 1. What is u(4)?
-45
Let p(x) = -x**2 + 4*x + 3. Calculate p(0).
3
Let d(h) = -78*h + 68. Determine d(1).
-10
Let t(k) = k**2 + 6*k - 1. Calculate t(-8).
15
Let h(p) = -3*p**2 + 23*p - 19. What is h(8)?
-27
Let b(r) = r**3 - 5*r**2 - 4*r - 5. Determine b(4).
-37
Let d(j) = 14*j + 114. What is d(-8)?
2
Let o(p) = -p**3 + 31*p**2 - 30*p - 4. Calculate o(30).
-4
Let h(u) = -u**2 - 38. Calculate h(0).
-38
Let t(v) = v**3 + 6*v**2 + 4*v + 17. Determine t(-6).
-7
Let k(x) = 42*x - 1. Calculate k(-1).
-43
Let s(j) = 4*j - 20. Give s(-14).
-76
Let p(u) = 2*u**3 - 17*u**2 + 5*u + 4. Determine p(8).
-20
Let s(d) = -d**2 + 14*d - 29. Give s(7).
20
Let t(y) = -10*y**2 + 2. Calculate t(2).
-38
Let m(n) = 3*n**3 + n**2 + n. Calculate m(1).
5
Let y(v) = -v**3 + v**2 - 66. Determine y(0).
-66
Let h(t) = 4*t**3 + t**2 + 2*t + 1. Calculate h(-2).
-31
Let s(w) = w**2 - 11*w + 36. Determine s(8).
12
Let l(s) = 119*s - 956. Calculate l(8).
-4
Let u(l) = 6*l**3 + 6*l**2 + 7*l - 4. Determine u(-2).
-42
Let u(j) = 10*j + 1. What is u(-1)?
-9
Le